 - (-4677 + 4724)?
-40
Calculate 369 + -354 + (5 - 4) + 4.
20
What is -2 + -10 + (-259 - -263) + (-10 - 106)?
-124
Evaluate (-9 - -30) + 2 - -14 - 26.
11
Evaluate 15 + (-14 + 44 - 15) + -1.
29
(1 - -29) + -1 - (69705 + -69788)
112
What is the value of 16 - ((2 - (7 + 0) - 6) + 5)?
22
28 + (-1 - 10) + -31 + 58
44
Evaluate (-2829 - -2873) + 1 + -52.
-7
What is (79 - 92) + 4 + -1 + 29 + 3 + -12?
10
What is (-81 - -112 - 164) + 85?
-48
Evaluate -32 - (-124 + 112 - (0 + -12 + -1)).
-33
What is 2 + 22 - (54 - (-12 + 59))?
17
What is the value of (7 - ((1 - 5) + 1)) + (124 - (56 + 77))?
1
What is 1 + -32 - (19 + (-14 - (-19 + 11)))?
-44
What is -14 + -13 + (25 - 4) + -16?
-22
Evaluate 38 - (-1 - 1) - (-40 + 20 - -30).
30
Evaluate -48 + (48 - (-2 - -26)) - 2.
-26
What is the value of (0 - (-10 + 13)) + (-3 - (4 + -1)) - -9?
0
What is the value of -1230 + 1317 - (3 + 13)?
71
What is (9 - (-9 + 12) - 74) + (13 - (12 - 6))?
-61
Evaluate 14 - (2 + 7 + (31 + (-19 - -6) - 53)).
40
-10 + (15 - (-17 - -5 - -4)) - -66
79
Calculate (12 - (-16 - 52) - 14) + (-1 - -1) + 3.
69
What is the value of 44 - (1 - ((8 - 13) + 5 + -5))?
38
(51 - -11) + (11 + 0 - (10 + 8 - 8))
63
Calculate (42 + 20 - 36) + (1 - 21).
6
What is (2 + -19 - -5 - 21) + 20?
-13
Calculate -38 + (27 - (-2 - 3)) + (-1 - 1) - -45.
37
Calculate 16 + -1 - ((154 - 58) + -62).
-19
Calculate (55 - (13 + 25) - (0 - -18)) + 100.
99
What is the value of (-1348 - -1430) + -204 + -2?
-124
What is the value of (1 + -5 - (1 + 6)) + 23 + 31 + 36?
79
Calculate 12 + -62 + (10 - (-3 - (-6 + -4))).
-47
Evaluate 73 - ((100 - 15) + -26).
14
What is the value of -15 + -2 + 2 + 33 + -20?
-2
What is -8 - (-4 + (7 - (3 + -6)) + -167 + 144)?
9
What is 1 - -5 - (148 - 190) - (2 + 9)?
37
Evaluate -20 + 18 + -19 + (25 - 42).
-38
(-33 - -7 - (-22 - (-32 + 25))) + 7
-4
What is 0 - -6 - (-16 - (2 - (14 + 15)))?
-5
-4 - (46 - (-37 + 55))
-32
12 + -8 - 11 - ((11 - -14) + 6)
-38
What is (-2 - 0) + 7 + 15 + -10 - (0 + 60)?
-50
0 + (6 - (57 + -43) - (2 - 7)) - 97
-100
62 + -6 + 1 + -38 + -1 + 78
96
Calculate 0 - 65 - (-2918 - -2896).
-43
What is 47 - ((-16 - -7 - -10) + -1) - -14?
61
101 - (49 - -170 - 92)
-26
Calculate -13 - (15 + 4 + -7 + (11 - 27)).
-9
Evaluate -73 + (-25 - 116) + 186.
-28
-1 + 34 - (34 - ((15 - -7) + 1))
22
Calculate -46 + 42 + 7 + (2 - 24) + 7 - -9.
-3
What is 29 - 6 - (-9 + 53) - -58?
37
What is (5 - (28 - 5)) + -20 - 71?
-109
Evaluate (49 - 137) + 40 + -3.
-51
(-203 - (179 + -319)) + (-1 - (-1 + -17))
-46
18 + -7 + (-10 - 6) - (-4 + 31)
-32
Evaluate -88 - 2 - (105 - 85 - (27 - 2)).
-85
(31 - -1) + -4 + (-7 - (-20 - -29 - 3))
15
-8 + (46 - (11 + 1)) + -14 + 11
23
Evaluate -57 + (71 - -8) + (0 - 19).
3
What is the value of 4 - (-44 - -59) - -53?
42
Calculate -62 + 127 + -63 - (6 - -20).
-24
(-61 - -8) + (28 + -8 - 15)
-48
3 + 12 + 7 + 3 - -22
47
-55 + 9 + (-4 - (8 + -7 + 8)) + 8
-51
Calculate 11 - (-24 + 101) - -22.
-44
What is the value of 19 - (-11 + (14 + 10 + -2 - -1))?
7
Calculate -52 - -50 - (-2 + (11 - 4) - 16).
9
What is -5 - (-4 + 3) - (-2 + 9) - -11?
0
-4 - (-32 - -87) - -98
39
What is the value of 14 + (34 - 39) + -27 + (0 - -15)?
-3
What is 85 + (100 - 88) + -166?
-69
What is -1 + -8 + (-68 + 186 - 119)?
-10
-2 + 2 - ((23 + -20 - 12) + -10)
19
What is (-12 - -57) + -21 + -36 + 43?
31
Calculate -7 + (-13 - -17) + 5 + -6 + -7.
-11
What is the value of (17 - -8) + -10 + 0 + (-7 - -1) - 2?
7
1250 - 1261 - (-31 + 1)
19
Evaluate -11 - (-26 + (-11 + 30 - 36)).
32
Evaluate 16 + 178 + -101 - 125.
-32
What is -6 - (-968 - -1088 - (-1 - 5))?
-132
Evaluate 53 - ((-37 - -15) + 34).
41
What is the value of -4 - (0 - (-8 + (17 + -7 - -7)) - -12)?
-7
Calculate -4 - (-49 + (-3 - -37)).
11
What is the value of 38 + (54 - (56 + 23))?
13
What is the value of 2 + (-10 - 1) + 210 + -195 + (-2 - 3)?
1
What is (52 - -68 - 113) + (-1 + 1 - -3 - 8)?
2
Evaluate -107 + 80 - (17 - -3).
-47
What is the value of (46 - (-3 + 15)) + (1 - 23)?
12
11 + (-20 - -14) + 18 - (12 + 21)
-10
Calculate 29 + (18 - 29 - -81 - 28).
71
What is the value of (34 - 8) + 0 - (13 - (13 - 9))?
17
Evaluate -45 - (-68 - -25) - (-2 + (0 - 0)).
0
Evaluate (-10 + (-5 - 7 - -35) + -7 - 15) + -18.
-27
Evaluate -7 + (8 - (-94 - ((10 - (8 - 10)) + -8))).
99
Evaluate (-40 - (-14 - 37)) + -17.
-6
Evaluate (-32 - -60) + -23 - -35.
40
What is the value of (56 + -113 - -116) + -2 + (-1 - (0 + -1))?
57
Calculate -9 + -1 + -1375 + 1439.
54
What is 47 + (47 - (-5 + 44))?
55
What is -1 + -4 + 36 + -32 - (-46 + 1 + 0)?
44
(5 + -6 - -23) + (-129 - -126) + -14
5
Evaluate 184 - 229 - (5 + (-13 - (2 + -4))).
-39
What is 96 - ((-50 - 0 - (112 - 127)) + 13)?
118
(2 - 9) + -1 - (-35 - (-207 - -194))
14
Calculate 1 + (24 - -1) + (61034 - 60940).
120
Evaluate -16 - 30 - (4 + -7 + -20 + 22).
-45
-8 + (62 - -5 - (18 - (20 - (3 - -7))))
51
What is the value of 246 + -166 - (1 - -31)?
48
What is the value of (5 - 24) + -4 + (16 + -20 - 13)?
-40
What is the value of -27 + (-491 + 519 - (0 - 0))?
1
0 + -2 + -1 + 25 + (-158 - -136)
0
Evaluate -13 + (-22 - -8 - -23) - 2.
-6
Evaluate -870 + 879 + ((-1 - 0) + 18 - 2) + -8.
16
Evaluate 28 - (-1 + -2 - 1 - -8 - 3) - -6.
33
Calculate -19 + -6 + 30 + -24 - -27 - (28 - 0).
-20
(61 - 170 - -57) + -4
-56
Calculate -30 - (-8 + (-11 - 0) - -17).
-28
What is the value of 9 - ((2 - 19) + (25 - 13))?
14
Evaluate -40 + (0 - 0) - (69 + 75 + -137).
-47
(-1 + 9 - -1) + -14 + 15 + 3 + -55
-42
Evaluate (-6 - (-5 + 12)) + (268 - 303).
-48
-29 + -32 + 15 + 30 - 9
-25
What is -60 - (26 + -132) - 139?
-93
6 - 14 - (20 + -24)
-4
What is -93 + (24 - (-14 - -2))?
-57
What is the value of -372 + 226 + 168 + 57 + 1?
80
Evaluate ((2 - -1) + -1 - -8) + 103 + (-96 - -24).
41
What is -2 + -3 + -52 - -1 - (116 + -99)?
-73
What is -121 - (25 - 46 - -18 - (-2 + -2 - 11))?
-133
What is the value of -8 - (-5 + 5) - (-22 - -138)?
-124
Calculate (-8 - -25 - 30 - -6) + -34.
-41
What is 109 + -24 + -61 + -8 + -160?
-144
29572 + -29595 + (2 - 1) + 3 + 0
-19
What is ((6 - (1 + -6)) + 2 - 65) + 8?
-44
What is 38 + (-5 + -9 - -1) + 17 - (1 + -7)?
48
What is the value of 39 - (29 + (22 + -19 - 18))?
25
What is the value of (-21 - 12) + (2 - (0 - -7 - 1))?
-37
What is the value of -17 - (13 + (23 - (84 + 20)))?
51
Calculate -167 + 178 - (18 + (-6 - -7)).
-8
Evaluate -2 + -9 - ((-3 - -3) + -13).
2
Calculate 15 + -1 + (-1 - -16 - (163 - 138)) + -41.
-37
Calculate -11 - (-11 + (21 - (-13 + (6 - 32)))).
-60
Evaluate -7 + 2 - (10 - (3 + 6) - (4 - -4)).
2
83 - (42 - (-44 + 43))
40
Evaluate 7 - ((-64 - -29) + -14 - 5).
61
-16 - (-1 + 0) - (-390 - (285 + -604))
56
23 + -4 + 1 - ((6 + -9 - 2) + 18)
7
What is the value of -311 - -298 - (4 + -71) - (14 + 4)?
36
What is -2 + 18 - (-6 + 32 - -30) - 9?
-49
Calculate -90 + (-42 - -153) - (-1 - -10).
12
What is -13 + 6 + -6 + 1 - (-32 + 34)?
-14
Calculate -1 + -1 + (10 - (0 - -29) - -52).
31
-4120 + 4111 + (29 - (-1 - 2 - (0 + 0)))
23
What is the value of (-204 - -102 - 30) + 26?
-106
Calculate 0 + 166 - (-215 + 314).
67
What is the value of -5 + (-10 - 10) + 5 - (-1 + 10)?
-29
What is the value of 19 + 7 + -20 - (60 + -52 - (3 - 1))?
0
Calculate 81 + (4 - -17 - (-18 - -45) - 11).
64
What is the value of -129 - (-116 + -5) - (1 - (-2 + 4 - -80))?
73
Calculate 121 - (-10 - (5 + -8)) - (-139 + 139).
128
(-1 - (2 + 17)) + (-24 - -63 - 47)
-28
What is -47 + 1 - (-1 + (-38 - -9) + 15 + 11)?
-42
What is the value of -8 + -58 + (-47 - -99)?
-14
Calculate -6 + 11 - (72 + (34 - 60)).
-41
Calculate -21 + (19 - (8 - 0)) - (-6 + 14 - -18).
-36
What is 20 - (21 + -37 - -17) - (2 - -56)?
-39
What is the value of (-35 + 27 + -5 - -24) + 34?
45
What is the value of 11 - (-8 - -2 - ((-1 - -12) + (3 - 97)))?
-66
20 + -39 + 18 - ((11 - 6) + 0 + -4)
-2
Calculate -48 + -48 + 70 + 58.
32
What is the value of -8 - -20 - -8 - (-97 + 2 + 12)?
103
Calculate -60 + (0 - -12 - (-85 + 110)).
-73
Evaluate (44 - 20) + -33 + (-2 - 16) - 4.
-31
What is -14 + 101 - 19 - (3 - -1 - (4 - -4))?
72
Evaluate (7 - (-24 - (15 + -30) - -21)) + -116.
-121
(41 - 45) + 4 + -11 + -6
-17
What is the value of 4 - ((1032 - 1044) + -25 + (-2 - -1))?
42
-24 + 102 + -18 + (-13 - 0)
47
55 + (-21 - -57 - 5) + -61
25
What is the value of (-18 - 27) + 56 + -32?
-21
What is the value of 0 + 4 + (-78 - (